 base 3.
110
-33 (base 6) to base 9
-23
What is -7b (base 12) in base 5?
-340
What is 4 (base 14) in base 6?
4
10 (base 2) to base 13
2
Convert 2 (base 8) to base 16.
2
Convert 122 (base 3) to base 7.
23
Convert -d (base 15) to base 3.
-111
What is 3 (base 5) in base 6?
3
-3 (base 12) to base 16
-3
Convert 27 (base 8) to base 5.
43
6 (base 8) to base 4
12
13 (base 10) to base 8
15
Convert 106 (base 16) to base 3.
100201
1103 (base 4) to base 10
83
Convert 10 (base 3) to base 8.
3
1 (base 14) to base 6
1
Convert 20 (base 4) to base 10.
8
Convert 11 (base 2) to base 14.
3
What is 4a (base 14) in base 6?
150
Convert -26 (base 8) to base 6.
-34
Convert 40 (base 10) to base 4.
220
1 (base 11) to base 6
1
Convert 10110 (base 2) to base 7.
31
0 (base 16) to base 9
0
Convert 120 (base 8) to base 11.
73
34 (base 6) to base 10
22
What is 1 (base 7) in base 11?
1
What is 4c (base 13) in base 11?
59
What is 21 (base 7) in base 4?
33
What is 1c (base 13) in base 7?
34
-1 (base 11) to base 3
-1
12 (base 5) to base 10
7
Convert -241 (base 6) to base 11.
-89
Convert 11 (base 10) to base 3.
102
Convert 0 (base 7) to base 16.
0
Convert -a (base 14) to base 6.
-14
What is 17 (base 9) in base 7?
22
0 (base 13) to base 10
0
1243 (base 6) to base 13
1b3
Convert -8 (base 16) to base 9.
-8
What is -20 (base 15) in base 11?
-28
-24 (base 10) to base 13
-1b
What is -234 (base 10) in base 13?
-150
Convert -10001 (base 2) to base 4.
-101
Convert 73 (base 13) to base 9.
114
Convert -3 (base 10) to base 15.
-3
40 (base 8) to base 9
35
-11 (base 3) to base 12
-4
Convert 166 (base 7) to base 8.
141
What is -1010100 (base 2) in base 9?
-103
What is 1 (base 11) in base 10?
1
Convert -4 (base 15) to base 10.
-4
-11 (base 5) to base 4
-12
Convert 102 (base 3) to base 11.
10
1a (base 12) to base 7
31
4 (base 15) to base 2
100
Convert -100 (base 2) to base 4.
-10
-3 (base 14) to base 10
-3
What is 7 (base 12) in base 7?
10
What is -3 (base 5) in base 2?
-11
Convert -36 (base 7) to base 8.
-33
-1202 (base 3) to base 10
-47
What is 8 (base 9) in base 13?
8
-5 (base 6) to base 14
-5
What is 1 (base 14) in base 4?
1
-7 (base 15) to base 6
-11
-3 (base 6) to base 16
-3
Convert 1 (base 2) to base 7.
1
b8 (base 15) to base 5
1143
What is 25 (base 12) in base 10?
29
What is 112 (base 7) in base 3?
2011
3 (base 9) to base 11
3
What is -d (base 16) in base 10?
-13
What is 160 (base 9) in base 12?
b3
2 (base 16) to base 5
2
2 (base 9) to base 15
2
-77 (base 14) to base 4
-1221
-8 (base 15) to base 6
-12
Convert 10 (base 2) to base 14.
2
-2 (base 5) to base 11
-2
Convert -83 (base 13) to base 2.
-1101011
What is 10 (base 15) in base 8?
17
-102 (base 3) to base 16
-b
Convert -6 (base 15) to base 10.
-6
What is 2a (base 16) in base 10?
42
What is -330 (base 4) in base 12?
-50
What is 8 (base 15) in base 9?
8
-15 (base 9) to base 5
-24
Convert -14 (base 5) to base 16.
-9
Convert -10 (base 2) to base 4.
-2
1023 (base 4) to base 9
83
What is 17 (base 14) in base 2?
10101
What is -4 (base 16) in base 3?
-11
4 (base 14) to base 16
4
What is -10 (base 16) in base 10?
-16
Convert 3a (base 12) to base 2.
101110
5d (base 15) to base 4
1120
Convert 320 (base 6) to base 5.
440
Convert 10111 (base 2) to base 10.
23
-4 (base 15) to base 9
-4
Convert 8 (base 13) to base 9.
8
41 (base 5) to base 3
210
Convert -121 (base 5) to base 13.
-2a
Convert -21120 (base 3) to base 11.
-176
-78 (base 15) to base 10
-113
Convert 1 (base 10) to base 3.
1
Convert 1 (base 12) to base 2.
1
2 (base 5) to base 3
2
What is -1 (base 10) in base 14?
-1
3 (base 7) to base 2
11
-38 (base 10) to base 7
-53
What is -39 (base 16) in base 15?
-3c
What is -167 (base 16) in base 5?
-2414
What is 1 (base 3) in base 2?
1
Convert -4 (base 13) to base 16.
-4
What is -3 (base 16) in base 3?
-10
What is 13 (base 11) in base 13?
11
What is 1 (base 15) in base 7?
1
What is 1 (base 3) in base 2?
1
What is 8 (base 16) in base 11?
8
What is 2 (base 16) in base 10?
2
286 (base 10) to base 15
141
Convert -1c (base 15) to base 10.
-27
Convert 11 (base 6) to base 10.
7
Convert 10 (base 6) to base 10.
6
What is -1101 (base 4) in base 5?
-311
What is 1 (base 10) in base 9?
1
Convert 101100010 (base 2) to base 4.
11202
What is -12 (base 7) in base 13?
-9
-100 (base 2) to base 4
-10
What is 10 (base 3) in base 10?
3
Convert 16 (base 8) to base 16.
e
-13 (base 7) to base 10
-10
-c (base 15) to base 4
-30
What is -12 (base 7) in base 4?
-21
Convert -2301 (base 4) to base 3.
-20120
100110 (base 2) to base 4
212
What is 4 (base 16) in base 2?
100
What is -380 (base 9) in base 10?
-315
What is 4 (base 9) in base 16?
4
-1041 (base 5) to base 7
-266
-c (base 13) to base 11
-11
Convert -64 (base 10) to base 8.
-100
-10 (base 10) to base 6
-14
-94 (base 11) to base 3
-10211
What is -211 (base 5) in base 13?
-44
3 (base 14) to base 12
3
4 (base 9) to base 7
4
Convert c8 (base 13) to base 5.
1124
What is -110101 (base 2) in base 3?
-1222
Convert -3 (base 8) to base 3.
-10
-346 (base 8) to base 9
-275
What is 4 (base 7) in base 4?
10
What is 5 (base 16) in base 4?
11
Convert -4 (base 12) to base 13.
-4
What is 5 (base 12) in base 11?
5
2 (base 4) to base 10
2
What is -1211 (base 4) in base 6?
-245
What is 2 (base 8) in base 16?
2
-1 (base 7) to base 13
-1
What is 26 (base 7) in base 14?
16
-35 (base 9) to base 4
-200
-5 (base 6) to base 11
-5
What is 112 (base 7) in base 3?
2011
What is 2 (base 9) in base 8?
2
Convert -4 (base 11) to base 10.
-4
a1 (base 11) to base 9
133
What is 3 (base 14) in base 10?
3
Convert 1 (base 12) to base 8.
1
What is a (base 15) in base 2?
1010
3 (base 9) to base 4
3
1002 (base 3) to base 15
1e
1 (base 7) to base 13
1
5 (base 10) to base 14
5
What is -12 (base 3) in base 10?
-5
What is -11 (base 2) in base 15?
-3
Convert 100110 (base 2) to base 16.
26
Convert -6 (base 14) to base 12.
-6
Convert -103 (base 12) to base 4.
-2103
Convert 3 (base 7) to base 10.
3
-8 (base 12) to base 11
-8
Convert 11 (base 3) to base 4.
10
What is -93 (base 16) in base 10?
-147
What is -2a (base 13) in base 7?
-51
Convert 7 (base 16) to base 11.
7
Convert -3 (base 11) to base 8.
-3
What is -11 (base 3) in base 12?
-4
What is -35 (base 10) in base 3?
-1022
Convert 13 (base 6) to base 5.
14
What is 62 (base 7) in base 11?
40
What is 17 (base 8) in base 14?
11
-1 (base 6) to base 3
-1
661 (base 7) to base 15
177
Convert -56 (base 14) to base 10.
-76
What is -4 (base 14) in base 2?
-100
What is -1233 (base 5) in base 14?
-db
c9 (base 13) to base 9
203
1 (base 5) to base 10
1
What is 96 (base 10) in base 2?
1100000
Convert 10000 (base 2) to base 11.
15
-14 (base 9) to base 5
-23
Convert 12 (base 3) to base 9.
5
What is -3 (base 4) in base 8?
-3
3 (base 10) to base 2
11
What is -12 (base 12) in base 2?
-1110
-35 (base 9) to base 2
-100000
Convert 114 (base 8) to base 11.
6a
What is -178 (base 16) in base 10?
-376
What is 11010111 (base 2) in base 16?
d7
Convert -2202 (base 4) to base 14.
-b8
-34 (base 12) to base 4
-220
-33 (base 8) to base 10
-27
Convert -1012 (base 3) to base 13.
-26
Convert -2 (base 6) to base 15.
-2
4 (base 11) to base 16
4
2 (base 4) to base 13
2
16 (base 13) to base 2
10011
Convert 20 (base 9) to base 13.
15
-3 (base 15) to base 11
-3
-a0 (base 16) to base 9
-187
What is -14 (base 16) in base 5?
-40
Convert 8 (base 14) to base 16.
8
What is -2 (base 14) in base 6?
-2
Convert 22 (base 12) to base 14.
1c
What is c (base 15) in base 9?
13
-269 (base 11) to base 4
-10331
-333 (base 5) to base 4
-1131
What is -3 (base 6) in base 10?
-3
Convert 0 (base 16) to base 2.
0
Convert -30 (base 15) to base 12.
-39
Convert -1011 (base 3) to base 14.
-23
Convert 10000 (base 3) to base 11.
74
3 (base 15) to base 8
3
Convert -1010 (base 4) to base 16.
-44
Convert 1000 (base 2) to base 5.
13
What is -20 (base 7) in base 11?
-13
What is -2 (base 9) in base 11?
-2
What is 34 (base 16) in base 13?
40
What is 43 (base 16) in base 2?
1000011
Convert 1 (base 13) to base 15.
1
Convert 10 (base 3) to base 11.
3
What is 3 (base 13) in base 16?
3
What is 48 (base 13) in base 11?
55
Convert 71 (base 9) to base 5.
224
-316 (base 9) to base 11
-215
What is -33 (base 4) in base 10?
-15
Convert -3 (base 10) to base 16.
-3
0 (base 11) to base 3
0
What is -91 (base 10) in bas